{"id":138,"date":"2026-03-21T12:56:17","date_gmt":"2026-03-21T12:56:17","guid":{"rendered":"https:\/\/hiobdylan.pl\/?page_id=138"},"modified":"2026-04-02T12:50:45","modified_gmt":"2026-04-02T12:50:45","slug":"regulamin","status":"publish","type":"page","link":"https:\/\/hiobdylan.pl\/?page_id=138","title":{"rendered":"REGULAMIN SKLEPU"},"content":{"rendered":"\n<p>REGULAMIN SKLEPU INTERNETOWEGO HIOBDYLAN.pl<\/p>\n\n\n\n<ul class=\"wp-block-list\">\n<li><\/li>\n<\/ul>\n\n\n\n<ol class=\"wp-block-list\">\n<li><\/li>\n<\/ol>\n\n\n\n<h1 class=\"wp-block-heading\"><strong>Warunki \u015bwiadczenia us\u0142ug<\/strong><\/h1>\n\n\n\n<p>Niniejszy regulamin okre\u015bla zasady dokonywania zakup\u00f3w w sklepie internetowym prowadzonym przez Sprzedaj\u0105cego pod adresem: <a href=\"http:\/\/hiobdylan.pl\">hiobdylan.pl<\/a><\/p>\n\n\n\n<p>Sprzedawca: Pawe\u0142 Heba Content Strategy<strong><br><\/strong>ul. Ks. J. Popie\u0142uszki 7A \/ 3<br>01-786 Warszawa<br>NIP: 661 219 07 04<\/p>\n\n\n\n<p>Kontakt ze Sprzedawc\u0105 mo\u017cna uzyska\u0107 korzystaj\u0105c z adresu poczty elektronicznej: <a href=\"mailto:hiob.sklep@gmail.com\">hiob.sklep@gmail.com<\/a>&nbsp;<\/p>\n\n\n\n<p><strong>\u00a71 Definicje<\/strong><\/p>\n\n\n\n<ul class=\"wp-block-list\">\n<li>Regulamin &#8211; niniejszy regulamin sklepu internetowego.<\/li>\n\n\n\n<li>Sklep Internetowy &#8211; serwis internetowy pod adresem: https:\/\/hiobdylan.pl, za po\u015brednictwem kt\u00f3rego, Sprzedawca oferuje sprzeda\u017c produkt\u00f3w<\/li>\n\n\n\n<li>Sprzedawca &#8211; podmiot \u015bwiadcz\u0105cy us\u0142ugi sprzeda\u017cy za po\u015brednictwem Sklepu Internetowego na zasadach okre\u015blonych w niniejszym Regulaminie.<\/li>\n\n\n\n<li>Dni Robocze &#8211; jeden dzie\u0144 od poniedzia\u0142ku do pi\u0105tku z wy\u0142\u0105czeniem dni ustawowo wolnych od pracy.<\/li>\n\n\n\n<li>Klient &#8211; osoba fizyczna, osoba prawna lub jednostka organizacyjna nie posiadaj\u0105ca osobowo\u015bci prawnej a posiadaj\u0105ca zdolno\u015b\u0107 do czynno\u015bci prawnych, kt\u00f3ra na zasadach okre\u015blonych w niniejszym Regulaminie dokonuje Zam\u00f3wienia w Sklepie Internetowym.<\/li>\n\n\n\n<li>Przedmiot transakcji &#8211; Towary wymienione i opisane na stronie internetowej Sklepu Internetowego.<\/li>\n\n\n\n<li>Towar &#8211; rzecz ruchoma, prezentowana w Sklepie Internetowym, kt\u00f3rej dotyczy Umowa Sprzeda\u017cy.<\/li>\n\n\n\n<li>Umowa Sprzeda\u017cy &#8211; umowa sprzeda\u017cy Towar\u00f3w w rozumieniu ustawy Kodeks cywilny, zawarta pomi\u0119dzy Us\u0142ugodawc\u0105 a Klientem, z wykorzystaniem serwisu internetowego Sklepu.<\/li>\n\n\n\n<li>Zam\u00f3wienie &#8211; o\u015bwiadczenie woli Klienta okre\u015blaj\u0105ce jednoznacznie rodzaj i ilo\u015b\u0107 Towar\u00f3w, zmierzaj\u0105ce bezpo\u015brednio do zawarcia Umowy Sprzeda\u017cy.<\/li>\n<\/ul>\n\n\n\n<p><strong>\u00a72 Zasady og\u00f3lne<\/strong><\/p>\n\n\n\n<ul class=\"wp-block-list\">\n<li>Niniejszy Regulamin okre\u015bla zasady korzystania ze Sklepu Internetowego dost\u0119pnego pod adresem: <a href=\"https:\/\/hiobdylan.pl\">https:\/\/hiobdylan.pl<\/a><\/li>\n\n\n\n<li>Warunkiem z\u0142o\u017cenia Zam\u00f3wienia w Sklepie Internetowym przez Klienta jest zapoznanie si\u0119 z niniejszym Regulaminem i akceptacja jego postanowie\u0144 w czasie realizacji Zam\u00f3wienia.<\/li>\n\n\n\n<li>Sprzedawca prowadzi sprzeda\u017c detaliczn\u0105 za po\u015brednictwem Sklepu Internetowego.<\/li>\n\n\n\n<li>Informacje o Towarach Sprzedawca zamieszcza w Sklepie Internetowym.<\/li>\n\n\n\n<li>Wszystkie Towary oferowane w Sklepie Internetowym s\u0105 fabrycznie nowe, oryginalnie zapakowane, wolne od wad fizycznych i prawnych oraz zosta\u0142y legalnie wprowadzone na rynek polski.<\/li>\n\n\n\n<li>\u017beby z\u0142o\u017cy\u0107 Zam\u00f3wienie w Sklepie Internetowym Klient musi spe\u0142nia\u0107 nast\u0119puj\u0105ce wymagania techniczne, niezb\u0119dne do wsp\u00f3\u0142pracy z systemem teleinformatycznym, kt\u00f3rym pos\u0142uguje si\u0119 Sprzedawca:\n<ul class=\"wp-block-list\">\n<li>a) Posiada\u0107 konto poczty elektronicznej (e-mail).<\/li>\n\n\n\n<li>b) Komputer, telefon typu smartfon lub tablet z systemem operacyjnym: Windows, Mac OS X, Linux lub Android.<\/li>\n\n\n\n<li>c) Przegl\u0105dark\u0119 internetow\u0105 w podanej wersji lub wy\u017cszej: Internet Explorer \u2013 wersja 9, Chrome \u2013 wersja 46, Safari \u2013 wersja 8, Firefox \u2013 wersja 41, Opera \u2013 wersja 32.<\/li>\n<\/ul>\n<\/li>\n\n\n\n<li>Klient obowi\u0105zany jest do korzystania ze Sklepu Internetowego w spos\u00f3b zgodny z prawem i dobrymi obyczajami, maj\u0105c na uwadze poszanowanie d\u00f3br osobistych oraz praw autorskich, praw maj\u0105tkowych i w\u0142asno\u015bci intelektualnej Sprzedawcy oraz os\u00f3b trzecich.<\/li>\n\n\n\n<li>Klient zobowi\u0105zany jest do niedostarczania tre\u015bci zabronionych przez przepisy prawa.<\/li>\n<\/ul>\n\n\n\n<p><strong>\u00a73 Ceny<\/strong><\/p>\n\n\n\n<ul class=\"wp-block-list\">\n<li>Wszystkie ceny podane w Sklepie Internetowym s\u0105 cenami brutto podanymi w z\u0142otych polskich (zawieraj\u0105 wszelkie nale\u017cne podatki).<\/li>\n\n\n\n<li>Do ceny Towaru nale\u017cy doliczy\u0107 koszty dostawy w wysoko\u015bci wskazanej w \u00a76 dla wybranego przez Klienta sposobu dostawy.<\/li>\n<\/ul>\n\n\n\n<p><strong>\u00a74 Sk\u0142adanie zam\u00f3wie\u0144<\/strong><\/p>\n\n\n\n<ul class=\"wp-block-list\">\n<li>Zam\u00f3wienia s\u0105 przyjmowane przez Sprzedawc\u0119 za po\u015brednictwem Sklepu Internetowego.<\/li>\n\n\n\n<li>Zam\u00f3wienia w Sklepie Internetowym mo\u017cna sk\u0142ada\u0107 24 godziny na dob\u0119, 7 dni w tygodniu przez ca\u0142y rok.<\/li>\n\n\n\n<li>Z\u0142o\u017cenie Zam\u00f3wienia polega na wype\u0142nieniu formularza zam\u00f3wienia w Sklepie Internetowym.<\/li>\n\n\n\n<li>Zam\u00f3wienie jest skuteczne, je\u015bli Klient prawid\u0142owo wype\u0142ni formularz zam\u00f3wienia i prawid\u0142owo poda dane kontaktowe: dok\u0142adny adres, na kt\u00f3ry Zam\u00f3wienie ma by\u0107 wys\u0142ane oraz numer telefonu i adres e-mail oraz dokona p\u0142atno\u015bci online.<\/li>\n\n\n\n<li>W wypadku gdy podane dane nie s\u0105 kompletne, Sprzedawca skontaktuje si\u0119 z Klientem. Je\u015bli kontakt z Klientem nie b\u0119dzie mo\u017cliwy, Sprzedawca ma prawo do anulowania Zam\u00f3wienia.<\/li>\n\n\n\n<li>Klient w procesie sk\u0142adania zam\u00f3wienia otrzymuje paragon fiskalny. Na \u017cyczenie Klienta, wystawiamy faktur\u0119 VAT. Dokument zostanie wys\u0142any na adres e-mail Klienta podany w Zam\u00f3wieniu.<\/li>\n\n\n\n<li>Po z\u0142o\u017ceniu przez Klienta skutecznego Zam\u00f3wienia, otrzyma on automatyczn\u0105 odpowied\u017a ze sklepu potwierdzaj\u0105c\u0105 otrzymanie Zam\u00f3wienia.<\/li>\n\n\n\n<li>Realizacja Zam\u00f3wienia rozpoczyna si\u0119 po dokonaniu p\u0142atno\u015bci przez Klienta.<\/li>\n\n\n\n<li>W przypadku braku zam\u00f3wionych Towar\u00f3w w magazynie, Sprzedawca poinformuje Klienta o tym fakcie oraz zwi\u0105zanym z tym wyd\u0142u\u017ceniem czasu realizacji Zam\u00f3wienia niezw\u0142ocznie, najp\u00f3\u017aniej w ci\u0105gu 48 godzin.<\/li>\n\n\n\n<li>Umowa sprzeda\u017cy zawierana jest w j\u0119zyku polskim.<\/li>\n\n\n\n<li>Sklep Internetowy prowadzi sprzeda\u017c na terenie Polski.<\/li>\n<\/ul>\n\n\n\n<p><strong>\u00a75 Sposoby p\u0142atno\u015bci<\/strong><\/p>\n\n\n\n<ul class=\"wp-block-list\">\n<li>Sprzedawca udost\u0119pnia Klientowi p\u0142atno\u015bci online za po\u015brednictwem platformy p\u0142atniczej P\u0142atno\u015bci 24<\/li>\n<\/ul>\n\n\n\n<p><strong>\u00a76 Koszt, sposoby i termin dostawy<\/strong><\/p>\n\n\n\n<ul class=\"wp-block-list\">\n<li>Zam\u00f3wienie wysy\u0142ane jest pod adres wskazany w formularzu zam\u00f3wienia. Klient zostanie poinformowany niezw\u0142ocznie o nieprawid\u0142owo wype\u0142nionym formularzu zam\u00f3wienia, kt\u00f3ry uniemo\u017cliwia dokonanie wysy\u0142ki lub mo\u017ce j\u0105 op\u00f3\u017ani\u0107.<\/li>\n\n\n\n<li>Sprzedawca udost\u0119pnia klientowi nast\u0119puj\u0105ce sposoby dostawy: Paczkomaty InPost.<\/li>\n\n\n\n<li>Ca\u0142kowity czas realizacji zam\u00f3wienia wynosi maksymalnie do 14 dni od dnia z\u0142o\u017cenia zam\u00f3wienia przez Klienta, jednak\u017ce Sklep Internetowy dok\u0142ada wszelkich stara\u0144, by zam\u00f3wienia by\u0142y realizowane mo\u017cliwie szybko.<\/li>\n\n\n\n<li>Klient jest obci\u0105\u017cany kosztami dostawy w wysoko\u015bci w zale\u017cno\u015bci od wyboru formy dostawy przez Kupuj\u0105cego.<\/li>\n\n\n\n<li>Termin dostawy Towaru do Klienta wynosi do 14-ciu dni roboczych, chyba \u017ce w opisie danego Towaru podano inny termin.<\/li>\n\n\n\n<li>Towary dostarczane s\u0105 na tylko i wy\u0142\u0105cznie na terenie Polski.<\/li>\n<\/ul>\n\n\n\n<p><strong>\u00a77 Odst\u0105pienie od umowy<\/strong><\/p>\n\n\n\n<ul class=\"wp-block-list\">\n<li>Klient, kt\u00f3ry zawar\u0142 umow\u0119 na odleg\u0142o\u015b\u0107, mo\u017ce w terminie 14 dni kalendarzowych odst\u0105pi\u0107 od niej bez podania przyczyny i bez ponoszenia koszt\u00f3w.<\/li>\n\n\n\n<li>Do zachowania tego terminu wystarczy wype\u0142ni\u0107 formularz zwrotu dost\u0119pny w sklepie internetowym przed jego up\u0142ywem.<\/li>\n\n\n\n<li>Klient mo\u017ce skorzysta\u0107 z wzoru formularza, jednak nie jest to obowi\u0105zkowe.<\/li>\n\n\n\n<li>Klient ma obowi\u0105zek niezw\u0142ocznie, nie p\u00f3\u017aniej ni\u017c w terminie 14 dni kalendarzowych od dnia, w kt\u00f3rym odst\u0105pi\u0142 od umowy, zwr\u00f3ci\u0107 Towar Sprzedawcy.<\/li>\n\n\n\n<li>Do zachowania terminu wystarczy odes\u0142anie Towaru przed jego up\u0142ywem. Klient mo\u017ce zwr\u00f3ci\u0107 Towar na adres Sprzedawcy m podany w zak\u0142adce kontakt.<\/li>\n\n\n\n<li>W przypadku odst\u0105pienia od umowy, Klientowi zwracane s\u0105 otrzymane od niego p\u0142atno\u015bci pomniejszone o koszty wysy\u0142ki (nie p\u00f3\u017aniej ni\u017c w terminie 14 dni kalendarzowych).<\/li>\n\n\n\n<li>Towar musi by\u0107 nieu\u017cywany (za\u0142o\u017cenie odzie\u017cy w celu przymierzenia nie liczy si\u0119 do u\u017cytkowania).<\/li>\n\n\n\n<li>Wymiana towaru trwa 10 dni roboczych od momentu wys\u0142ania informacji o jej rozpocz\u0119ciu na adres mailowy klienta.<\/li>\n\n\n\n<li>Klientowi nie przys\u0142uguje prawo do wymiany w przypadku zam\u00f3wienia odzie\u017cy oraz gad\u017cet\u00f3w z w\u0142asnym nadrukiem oraz gad\u017cet\u00f3w i odzie\u017cy spersonalizowanej (tj. wyprodukowanych pod wytyczne klienta np. z podanym imieniem, dat\u0105, nazw\u0105 itd.) zgodnie z ustaw\u0105 z dnia 30 maja 2014r. art 38. pkt 3.<\/li>\n<\/ul>\n\n\n\n<p><strong>\u00a78 Procedura reklamacji<\/strong><\/p>\n\n\n\n<ul class=\"wp-block-list\">\n<li>Sprzedawca obowi\u0105zany jest dostarczy\u0107 Klientowi Towar bez wad.<\/li>\n\n\n\n<li>Podstawa i zakres odpowiedzialno\u015bci Sprzedawcy wzgl\u0119dem Klienta s\u0105 okre\u015blone powszechnie obowi\u0105zuj\u0105cymi przepisami prawa, w szczeg\u00f3lno\u015bci w Kodeksie Cywilnym.<\/li>\n\n\n\n<li>Sprzedawca odpowiada wobec Klienta b\u0119d\u0105cego konsumentem, je\u017celi Towar ma wad\u0119 fizyczn\u0105 lub prawn\u0105.<\/li>\n\n\n\n<li>Reklamacje mo\u017cne zosta\u0107 z\u0142o\u017cona przez Klienta na przyk\u0142ad:\n<ul class=\"wp-block-list\">\n<li>a) pisemnie na adres Sprzedawcy podany w zak\u0142adce kontakt.<\/li>\n\n\n\n<li>b) za pomoc\u0105 formularza zwrotu dost\u0119pnego na stronie sklepu internetowego<\/li>\n<\/ul>\n<\/li>\n\n\n\n<li>Zaleca si\u0119 podanie przez Klienta w opisie reklamacji:\n<ul class=\"wp-block-list\">\n<li>a) Imi\u0119 i nazwisko<\/li>\n\n\n\n<li>b) Adres<\/li>\n\n\n\n<li>c) Adres e-mail<\/li>\n\n\n\n<li>d) Dat\u0119 z\u0142o\u017cenia i numer zam\u00f3wienia.<\/li>\n\n\n\n<li>e) Przedmiot reklamacji, ze wskazaniem \u017c\u0105dania.<\/li>\n\n\n\n<li>f) Wszelkie okoliczno\u015bci uzasadniaj\u0105ce reklamacj\u0119.<\/li>\n<\/ul>\n<\/li>\n\n\n\n<li>O rozstrzygni\u0119ciu reklamacji Klient zostanie poinformowany drog\u0105 poczty elektronicznej.<\/li>\n\n\n\n<li>Sk\u0142adaj\u0105c reklamacj\u0119 nale\u017cy dostarczy\u0107 do Sprzedawcy reklamowany produkt wraz ze zg\u0142oszeniem reklamacyjnym.<\/li>\n\n\n\n<li>Sprzedawca ustosunkuje si\u0119 do reklamacji Klienta niezw\u0142ocznie, nie p\u00f3\u017aniej ni\u017c w terminie 14 dni kalendarzowych od dnia jej z\u0142o\u017cenia. Brak ustosunkowania si\u0119 Sprzedawcy w powy\u017cszym terminie oznacza, \u017ce Sprzedawca uzna\u0142 reklamacj\u0119 za uzasadnion\u0105.<\/li>\n\n\n\n<li>W przypadku rozpatrzenia reklamacji na korzy\u015b\u0107 Klienta, Sprzedawca naprawi lub wymieni reklamowany towar na nowy, pe\u0142nowarto\u015bciowy lub zwr\u00f3ci warto\u015b\u0107 kupionego Towaru.<\/li>\n<\/ul>\n\n\n\n<p><strong>\u00a79 Postanowienia ko\u0144cowe<\/strong><\/p>\n\n\n\n<ul class=\"wp-block-list\">\n<li>Zmiany w Regulaminie Us\u0142ugodawca zastrzega sobie prawo do dokonywania zmian Regulaminu z wa\u017cnych przyczyn to jest: zmiany przepis\u00f3w prawa; zmiany sposob\u00f3w p\u0142atno\u015bci i dostaw \u2013 w zakresie, w jakim te zmiany wp\u0142ywaj\u0105 na realizacj\u0119 postanowie\u0144 niniejszego Regulaminu.<\/li>\n\n\n\n<li>W sprawach nieuregulowanych w niniejszym Regulaminie maj\u0105 zastosowanie powszechnie obowi\u0105zuj\u0105ce przepisy prawa polskiego, w szczeg\u00f3lno\u015bci: Kodeksu cywilnego; ustawy o \u015bwiadczeniu us\u0142ug drog\u0105 elektroniczn\u0105 z dnia 18 lipca 2002 r. (Dz.U. 2002 nr 144, poz. 1204 ze zm.); dla Um\u00f3w Sprzeda\u017cy zawartych do 24 grudnia 2014 roku z Klientami b\u0119d\u0105cymi konsumentami \u2013 przepisy ustawy o ochronie niekt\u00f3rych praw konsument\u00f3w oraz o odpowiedzialno\u015bci za szkod\u0119 wyrz\u0105dzon\u0105 przez produkt niebezpieczny z dnia 2 marca 2000 r. (Dz.U. 2000 nr 22, poz. 271 ze zm.) oraz ustawy o szczeg\u00f3lnych warunkach sprzeda\u017cy konsumenckiej oraz o zmianie Kodeksu cywilnego z dnia 27 lipca 2002 r. (Dz.U. 2002 nr 141, poz. 1176 ze zm.); dla Um\u00f3w Sprzeda\u017cy zawartych od 25 grudnia 2014 roku z Klientami b\u0119d\u0105cymi konsumentami \u2013 przepisy ustawy o prawach konsumenta z dnia 30 maja 2014 r. (Dz.U. 2014 r. poz. 827 ze zm.); oraz inne w\u0142a\u015bciwe przepisy powszechnie obowi\u0105zuj\u0105cego prawa.<\/li>\n\n\n\n<li>Spory wynikaj\u0105ce ze stosowania niniejszego Regulaminu i w zwi\u0105zku z wykonywaniem zawartych um\u00f3w mi\u0119dzy Sprzedawc\u0105 a Klientami, b\u0119d\u0105 rozpatrywane przez S\u0105d w\u0142a\u015bciwy wed\u0142ug przepis\u00f3w o w\u0142a\u015bciwo\u015bci rzeczowej i miejscowej zgodnie z ustaw\u0105 z dnia 17.11.1964 r. Kodeks post\u0119powania cywilnego (Dz.U. nr 43 poz. 296 ze. zm.).<\/li>\n\n\n\n<li>Administratorem danych osobowych przetwarzanych w zwi\u0105zku z realizacj\u0105 postanowie\u0144 niniejszego Regulaminu jest Sprzedawca. Dane osobowe przetwarzane s\u0105 wy\u0142\u0105cznie w celu wystawienia faktury, rachunku lub prowadzenia sprawozdawczo\u015bci finansowej. Podanie danych osobowych jest dobrowolne. Ka\u017cda osoba, kt\u00f3rej dane osobowe przetwarza Sprzedawca ma prawo do wgl\u0105du w ich tre\u015b\u0107 oraz prawo do ich aktualizacji i poprawiania.<\/li>\n<\/ul>\n","protected":false},"excerpt":{"rendered":"<p>REGULAMIN SKLEPU INTERNETOWEGO HIOBDYLAN.pl Warunki \u015bwiadczenia us\u0142ug Niniejszy regulamin okre\u015bla zasady dokonywania zakup\u00f3w w sklepie internetowym prowadzonym przez Sprzedaj\u0105cego pod adresem: hiobdylan.pl Sprzedawca: Pawe\u0142 Heba Content Strategyul. Ks. J. Popie\u0142uszki 7A \/ 301-786 WarszawaNIP: 661 219 07 04 Kontakt ze Sprzedawc\u0105 mo\u017cna uzyska\u0107 korzystaj\u0105c z adresu poczty elektronicznej: hiob.sklep@gmail.com&nbsp; \u00a71 Definicje \u00a72 Zasady og\u00f3lne \u00a73 &hellip; <\/p>\n","protected":false},"author":1,"featured_media":0,"parent":0,"menu_order":0,"comment_status":"closed","ping_status":"closed","template":"","meta":{"footnotes":""},"class_list":["post-138","page","type-page","status-publish","hentry"],"_links":{"self":[{"href":"https:\/\/hiobdylan.pl\/index.php?rest_route=\/wp\/v2\/pages\/138","targetHints":{"allow":["GET"]}}],"collection":[{"href":"https:\/\/hiobdylan.pl\/index.php?rest_route=\/wp\/v2\/pages"}],"about":[{"href":"https:\/\/hiobdylan.pl\/index.php?rest_route=\/wp\/v2\/types\/page"}],"author":[{"embeddable":true,"href":"https:\/\/hiobdylan.pl\/index.php?rest_route=\/wp\/v2\/users\/1"}],"replies":[{"embeddable":true,"href":"https:\/\/hiobdylan.pl\/index.php?rest_route=%2Fwp%2Fv2%2Fcomments&post=138"}],"version-history":[{"count":8,"href":"https:\/\/hiobdylan.pl\/index.php?rest_route=\/wp\/v2\/pages\/138\/revisions"}],"predecessor-version":[{"id":303,"href":"https:\/\/hiobdylan.pl\/index.php?rest_route=\/wp\/v2\/pages\/138\/revisions\/303"}],"wp:attachment":[{"href":"https:\/\/hiobdylan.pl\/index.php?rest_route=%2Fwp%2Fv2%2Fmedia&parent=138"}],"curies":[{"name":"wp","href":"https:\/\/api.w.org\/{rel}","templated":true}]}}